 62 = 3*r. List the prime factors of o.
2, 7
Suppose 32 = 2*w - w. Let g = -22 + w. What are the prime factors of ((-24)/g)/(10/(-125))?
2, 3, 5
Let f(b) = -b**2 + 9*b - 8. Let j be (0 - 2)/((-10)/15). Suppose -3*h + 0 = -5*y + 20, -j*y = -h - 16. What are the prime factors of f(y)?
2, 3
Suppose -306 = 3*p - 5*p. List the prime factors of p/12 + (-6)/8.
2, 3
Suppose -y + u + 199 = 0, -2*u + 246 = 3*y - 351. List the prime factors of y.
199
What are the prime factors of (7 - 19)/(1/(-5))?
2, 3, 5
Let s(i) = -18*i - 1. Suppose -h = 4*f + 2, -h + 4*f + 12 = 3*h. Suppose -h*k - 2 + 0 = 0. What are the prime factors of s(k)?
17
Let p be (44 - 17)/((-6)/4). What are the prime factors of -2 + -1 - (-214 - p)?
193
Suppose -20*k = -11*k - 1683. What are the prime factors of k?
11, 17
Suppose -11*u = -3*u + 40. Let n(s) = 8*s**2 + 6*s + 7. What are the prime factors of n(u)?
3, 59
Suppose 0 = j - 4, -5*i - 1035 = 5*j - 0*j. Let w = 427 + i. Suppose k - 4*k = -w. What are the prime factors of k?
2, 3
Suppose 2*o = -3*p + 1159, -2*p + 1551 = 2*p - 3*o. List the prime factors of p.
3, 43
Suppose o = 3*k - k - 1669, 831 = k - 4*o. List the prime factors of k.
5, 167
Suppose 0 = -3*t + 4*s - 2*s - 47, 3*s - 77 = 5*t. Let o = t - -20. List the prime factors of o.
7
Suppose -1334 + 274 = -5*b - 5*c, 0 = c - 5. List the prime factors of b.
3, 23
Suppose h - 414 = -4*d + 260, -4*d - 4*h + 668 = 0. Suppose 2*t - c = d, -4*t + 331 = -0*t + 5*c. List the prime factors of t.
2, 3, 7
Let v = -16 - -18. Suppose -g = -p + 36, p + v*p - 92 = -g. List the prime factors of p.
2
Suppose 5*r + h - 707 - 935 = 0, -5*h - 646 = -2*r. What are the prime factors of r?
2, 41
Let t = -49 - -53. Suppose 3*i - 204 = -2*o, -t*o = 3*i + i - 268. List the prime factors of i.
2, 5, 7
Let b(c) = 3*c**2 - 4*c + 5. Let t = -57 - -86. Let m = 34 - t. What are the prime factors of b(m)?
2, 3, 5
Let r be (-24)/(-3 + -1) + -3. Suppose -2*w - 2*c = 2, -r*w + 8 = w + c. Suppose -w*a = -40 - 107. List the prime factors of a.
7
What are the prime factors of 45186/60 + 5/(-50)?
3, 251
Suppose -3*w - c - 4 = 1, 2*w = 4*c - 8. Let r be 4 + -2 + (5 - w). Let o = r - -46. List the prime factors of o.
5, 11
Let i(t) = 0*t + 32*t**3 - 33*t**3 - 3 + 5*t**2 - t. Let k be i(-4). Let a = k - 74. What are the prime factors of a?
71
Let d(k) = -22*k - 5. Let z be d(3). Let y = z - -26. What are the prime factors of (-10)/4*702/y?
3, 13
Suppose 2*u + y = -53, -4*u + 5*y = -u + 112. Let t = -14 - u. List the prime factors of t.
3, 5
Let r(n) = n + 4. Let b be r(-4). Let v(w) = w + 48. Let x be v(b). Suppose -x = -5*i + 147. What are the prime factors of i?
3, 13
Let t = -29 + 33. Suppose 0 = -2*n + t*p + 130, -2*n = -7*n + 4*p + 349. What are the prime factors of n?
73
Let n(h) = 15*h - 15. Let o be n(9). Suppose 3*s = s + o. What are the prime factors of s?
2, 3, 5
Suppose 0 = 7*m - 6*m - 37. What are the prime factors of m?
37
Let s be -1 + (-3)/((-9)/21). Suppose 0 = -f + s*f. Suppose -4*c + 113 - 13 = f. List the prime factors of c.
5
Let l be -2 + 4 - (-3)/3. Let c(b) = 10*b + b**l - 6 + 9*b**2 - 5 - 2*b. List the prime factors of c(-7).
31
Suppose 3*t = -2 - 193. Let h = -37 - t. Suppose -5*a + 32 = -h. List the prime factors of a.
2, 3
Let a(r) = -5*r + 20. Let x(n) = 2*n - 10. Let u(q) = -3*a(q) - 7*x(q). Let p be u(-6). Suppose 9 = p*b - 11. What are the prime factors of b?
5
Let g(s) = 2*s**2 + 3*s. Let m(o) = -o**2 - 5*o + 12. Let w be m(-6). Let j be (w - 3) + -3 + -5. What are the prime factors of g(j)?
5, 7
Let f = -10 + 10. Suppose -4*i - 2*i + 420 = f. What are the prime factors of i?
2, 5, 7
Let t = 350 - -16. List the prime factors of t.
2, 3, 61
Suppose -4*k = 3*q + 48 - 11, -k = -5. Let a = 12 + q. Let o(i) = -3*i + 7. What are the prime factors of o(a)?
2, 7
Let i(p) = -p**3 + p**2 + 5*p + 19. Let z(b) = b**3 - b**2 - 4*b - 18. Let u(l) = -4*i(l) - 5*z(l). List the prime factors of u(-6).
2, 7, 19
Suppose -4*c + 2 = -3*c. Let h = 44 + -41. Suppose -3*g - f + 20 = 0, c*g - h*f + 4 = 10. What are the prime factors of g?
2, 3
Suppose -3*d + 0*d + 378 = 0. Let j be d/(-12)*2/(-1). Suppose -2*v + 21 = -j. What are the prime factors of v?
3, 7
Let a(u) = -u**3 + 11*u**2 + 7*u + 17. List the prime factors of a(10).
11, 17
Let y(a) = a. Let w(j) = 3*j - 8. Let x(o) = -w(o) + 2*y(o). Let i be x(6). Suppose 5*d = 20, 3*d - 60 + 14 = -i*k. List the prime factors of k.
17
Let h(t) = t**2 + 1. Let q(y) be the second derivative of -y**4/3 - y**3 - 13*y**2/2 + 9*y. Let i(b) = 6*h(b) + q(b). What are the prime factors of i(6)?
29
Let h be (120/25)/(6/20). Let w be h - 2/(-3 - -5). Suppose 3*j - 9 = -0*j + x, 5*j + 5*x - w = 0. What are the prime factors of j?
3
Let b(f) = -f**3 + 6*f**2 + 6*f. Suppose -11 + 7 = k. Let z = k - -10. List the prime factors of b(z).
2, 3
Let k = -117 - -116. Let w(o) be the third derivative of 3*o**5/10 - o**4/12 - o**3/6 + o**2. What are the prime factors of w(k)?
19
Suppose -3*h = n - 26, -n - 2 = 2. Suppose w + 0 = -3*u + 4, 3*u = 2*w + h. Suppose u*g = -g + 39. What are the prime factors of g?
13
Let p(b) = b**2 + 4*b + 97. What are the prime factors of p(0)?
97
Suppose -5*v + 68 = 2*h, 0 = 4*v - 3*h - 2*h - 61. Let f = 12 - v. What are the prime factors of (f/3)/((-4)/174)?
29
List the prime factors of (-9 - 8142/(-18)) + (-4)/3.
2, 13, 17
Suppose 3*k + 2*z + z = 6, -k + 11 = -2*z. Suppose -349 = -2*j - k*p, j + 859 = 6*j - p. Suppose j - 12 = 5*u. List the prime factors of u.
2
Suppose b + 123*w - 125*w = 1417, 4*w = 4*b - 5676. List the prime factors of b.
7, 29
Let o(g) = -g**3 + 14*g**2 - 14*g + 28. Let y be o(13). Let l = y - -20. What are the prime factors of l?
5, 7
Let j = 7211 + -3276. What are the prime factors of j?
5, 787
Suppose 46*b = 95796 + 69160. List the prime factors of b.
2, 11, 163
Let d(m) = -m + 1. Let o be d(-2). Let s(v) = -v**2 + 5 + 3*v**2 - 1 - 6*v + 4*v. List the prime factors of s(o).
2
Let y(o) = 41*o**3 - 5*o**2 + 15*o - 73. What are the prime factors of y(5)?
2, 41, 61
Suppose -189 + 64 = -5*k. Suppose z - 6*z = -k, 135 = 5*u - z. List the prime factors of u.
2, 7
Suppose o - 12 = -4. Let l be -1 + (1 - (-6 - -4)). Suppose -i + l = -o. List the prime factors of i.
2, 5
Let w = -94 - -131. Suppose -3*t + 10 - w = 0. Let c = 19 + t. What are the prime factors of c?
2, 5
Let y = 2301 - 791. What are the prime factors of y?
2, 5, 151
Let a(x) = 3*x + 4 + 8*x**2 - 5*x + 4*x. Let t be a(-3). List the prime factors of (-52)/65*t/(-4).
2, 7
Let j = 267 + -187. What are the prime factors of (-175)/(-2)*64/j?
2, 5, 7
Let m(p) = 181*p - 181. List the prime factors of m(8).
7, 181
Let t(c) = 242*c**3 + 3*c**2 + 8*c - 6. What are the prime factors of t(2)?
2, 11, 89
Suppose -4*g + 5*u = 8, 5*g + 31 = 2*u - u. Suppose 3*n = -0*n + 27. List the prime factors of n/(((-21)/2)/g).
2, 3
Let q = -2194 - -4438. What are the prime factors of q?
2, 3, 11, 17
Let p(y) = y + 5. Let u be p(10). Suppose -9*s = -4*s - u. List the prime factors of (s + -1 - -15) + 3.
2, 5
Suppose -4*x - 1 = -3*o, 2*o + 2 = -0*x + 2*x. Let b(t) = -t**2 - 5*t + 1. Let y be b(o). List the prime factors of (y*-24)/(-2) + -1.
11
Let p(g) = 2*g - 34. Let r be p(14). What are the prime factors of 56 - (5 + -1 + r)?
2, 29
Let x = 6441 + -3157. List the prime factors of x.
2, 821
Suppose -5*o = 5*s - 4755, -2*o + 5*s = 277 - 2158. What are the prime factors of o?
2, 3, 79
Let k = 14 + -9. List the prime factors of ((-3)/(-4))/(k/280).
2, 3, 7
Suppose -3*z + 3*s = -11286, 2*z + s - 7545 = -4*s. List the prime factors of z.
3, 5, 251
Let t = 13 - 9. Suppose -2*q - 30 = -k, -t*q = -4*k + k + 98. What are the prime factors of k?
2, 19
Suppose -5*y = -5*m - 3200, m + 169 = -2*y + 1434. What are the prime factors of y?
5, 127
What are the prime factors of (7848/3 - 0)*21/28?
2, 3, 109
Let y(f) = 2*f**2 - 5*f + 7. Let l(t) = -3*t**2 + 6*t - 8. Let a(p) = -6*l(p) - 7*y(p). List the prime factors of a(7).
2, 47
Let p be (-4)/(-26) - (-2853)/(-39). Let a = p + 258. Suppose 2*m = 7*m - a. What are the prime factors of m?
37
Suppose 0 = q + 4*z - 3*z - 15, 0 = -2*z - 2. Suppose q*p = 13*p. Suppose p*y = y - 50. List the prime factors of y.
2, 5
Let s(f) be the second derivative of f**5/20 - 11*f**4/12